of 6 and s.
6
Let b(m) = 0*m**2 + 0*m + 5*m + 1 - m**2 - 4*m. Let d be b(3). Let a(q) = -2*q + 3. Let z be a(d). Calculate the greatest common factor of 104 and z.
13
Suppose -5*w - t - 3 = 3*t, 2*w - 6 = -4*t. Let i be 17/7 - w/(-7). Calculate the highest common factor of 22 and i.
2
Let w = -29 + 84. Suppose -4*d - p + 46 = -3*p, -5*p = -5*d + w. Let r be 0 - ((-288)/(-3))/(-1). Calculate the greatest common factor of r and d.
12
Let f(p) = p + 2. Let t(j) = 2*j + 4. Let o(b) = -7*f(b) + 3*t(b). Let n be o(-6). What is the highest common factor of 28 and n?
4
Let b(n) = n**2 - 2*n + 1. Let i be b(3). Suppose 0 = t + a - 29 + 1, -t + 22 = i*a. Calculate the highest common divisor of 12 and t.
6
Let q = 67 + -39. Calculate the greatest common divisor of q and 7.
7
Let u(d) = d + 21. Let s be u(-11). What is the highest common factor of s and 4?
2
Let o = -4 + 4. Suppose h + 3*h = o. Suppose -3*s = 5*b - 12 + 1, -b + 3*s + 13 = h. Calculate the highest common factor of b and 6.
2
Suppose 0 = -2*x + 6*x - 68. Suppose 2*k + 11 = -5*y, 0 = k - 2*k + 2*y + x. Let v be (28/(-8))/((-1)/18). What is the highest common factor of k and v?
7
Suppose -7*x + 8*x - 91 = 3*o, 3*o = -5*x + 437. Calculate the highest common divisor of 22 and x.
22
Let p = 55 - -33. Let u be (-2 - -6)*-1*-2. What is the highest common factor of u and p?
8
Let l = -29 + 32. Suppose 42 = 2*t - 0*t. What is the greatest common divisor of l and t?
3
Let d = 36 + 30. Calculate the highest common divisor of 6 and d.
6
Suppose 0 = -5*t + 3 - 13. Let b(r) = -86*r - 2. Let h be b(t). Suppose 5*d = -10 + h. Calculate the greatest common divisor of 8 and d.
8
Let u(p) be the first derivative of p**3 - 3. Let v be u(2). Calculate the highest common factor of v and 12.
12
Suppose z + 8 + 8 = -4*a, 3*z - 8 = 2*a. Let w be 0 - (0 + -6 + 0). Suppose z = -m - w + 17. Calculate the greatest common divisor of 1 and m.
1
Suppose -6 - 2 = 2*s, -5*s + 97 = 3*w. Calculate the highest common divisor of w and 26.
13
Let q = 322 + -295. Suppose 3*c + 4 = 31. Calculate the highest common divisor of c and q.
9
Let u be 2/(-4) + (-3)/(-6). Suppose 2*j - 37 - 27 = u. What is the greatest common divisor of j and 8?
8
Suppose -7*n + 20 = -3*n. Suppose -4*b + 7 + 1 = 0. Calculate the highest common divisor of b and n.
1
Suppose 3*d + 0*d - 102 = 0. Let k = -25 + 76. Calculate the highest common factor of d and k.
17
Suppose -2*h + 82 = 4*j - 68, 0 = 5*h + 3*j - 410. Calculate the greatest common divisor of h and 17.
17
Suppose 5*z - v - 7 - 3 = 0, -4*z + 4*v = -8. Suppose 5*b + z*h - 758 = -2*h, -4*b + 596 = -2*h. What is the highest common factor of 60 and b?
30
Let o(g) = 28*g**2 + 4*g - 3. Let v be o(3). Calculate the highest common factor of v and 29.
29
Let i be 1162/49 - (-2)/7. Calculate the greatest common factor of i and 12.
12
Let t = 29 - 45. Let w = 330 + -511. Let k be 4/t - w/4. Calculate the greatest common factor of 9 and k.
9
Let q = 113 + -110. Calculate the greatest common factor of q and 48.
3
Suppose o + 8 = -3*o, 3*j + 2*o = 29. Suppose 0 = 3*u - 6*u + 198. Calculate the greatest common divisor of j and u.
11
Suppose 0 = 5*w + 4*n - 244, 2*w + 2*n = 6*n + 92. Let q be (-2 + (-26)/(-8))*w. What is the highest common divisor of 12 and q?
12
Let p(a) = a**2 - 10*a + 28. Let l be p(14). Calculate the highest common divisor of l and 12.
12
Let j = 60 - 36. Calculate the greatest common divisor of j and 120.
24
Suppose -910 = -21*x + 16*x. What is the highest common divisor of 26 and x?
26
Let n be ((-3)/15*2)/(2/(-20)). What is the highest common factor of n and 32?
4
Suppose w - 7*u = -4*u + 23, -u = 1. Let p be ((-144)/42)/((-1)/35). What is the highest common factor of p and w?
20
Let k be 21 + 5/5 + 4. Calculate the highest common divisor of k and 39.
13
Let l(k) = 3*k + 24. Let s be l(0). Calculate the highest common divisor of s and 8.
8
Suppose 0 = -t + 6*t - 735. Let u = 73 - 52. Calculate the greatest common divisor of u and t.
21
Let z(q) = q**2 - 11*q + 12. Let b be z(10). Suppose -b*x = -7*x + 65. Calculate the greatest common factor of 91 and x.
13
Suppose b - 228 = -2*b. Let y = 132 - b. Let z be 58/8 + (-39)/(-52). What is the greatest common factor of z and y?
8
Suppose 0 = 4*y - 5*u - 576, 432 = 4*y - y - 4*u. What is the greatest common divisor of y and 18?
18
Let k(h) = h**3 - 15*h**2 + 4*h - 1. Let a be k(15). Suppose 0 = 5*w - 6 - a. What is the greatest common factor of w and 104?
13
Let u = 36 + -23. What is the greatest common divisor of u and 91?
13
Let a be (-1200)/(-36)*24/10. Calculate the greatest common factor of 5 and a.
5
Let n = 53 - -22. What is the greatest common divisor of n and 30?
15
Suppose p - 15 = 12. Calculate the greatest common factor of 9 and p.
9
Let f(a) = -4*a - 2. Let s(n) = 3*n + 2. Let b(k) = 2*f(k) + 3*s(k). Let v be b(-4). Let p be ((-45)/v)/(2/4). What is the greatest common factor of p and 15?
15
Let b be (-8)/(-10) - (-93)/15. Let q = b + 2. Suppose 4*y - 137 - 41 = -s, 129 = 3*y + 3*s. Calculate the highest common factor of y and q.
9
Let r be 2 + -1 - 20/(-2). Let y be r/4 - 3/(-12). Calculate the highest common factor of y and 12.
3
Let j(y) = -y**2 - y + 156. Let a be j(0). Let k be (5/(-15))/((-2)/a). What is the greatest common divisor of k and 13?
13
Let x(d) = d**3 - 5*d**2 - 7*d + 9. Let m be x(6). Suppose 2*w - 5*k + 11 = 0, 4*w - k + 4 = m*k. What is the highest common factor of w and 2?
2
Suppose 629 - 119 = 5*q. What is the greatest common factor of 34 and q?
34
Let f(i) = -i**3 + i**2 - i + 12. Let j be f(0). Let v be (-72)/(-15)*(-30)/(-4). Let h = -6 + v. What is the greatest common divisor of h and j?
6
Let z be -1 - (-4)/((-8)/(-6)). Let r be z*1/(2/69). Calculate the highest common divisor of 46 and r.
23
Let o be 10/45 + 52/9. Let v = 1 + o. Calculate the highest common divisor of v and 56.
7
Let y(v) = -v**2 - 9*v - 2. Let c be y(-6). Suppose 6*r = -5 + 293. Calculate the highest common factor of c and r.
16
Suppose -3*x = 3*c - 48, -5*c + 4*x + 138 - 22 = 0. Calculate the highest common factor of 40 and c.
20
Suppose -5*o + 97 = -178. What is the greatest common factor of 11 and o?
11
Let d(l) = -l - 2. Let p be d(2). Let c be 2/8 - 499/p. Let h be (-1)/(-2 - c/(-63)). Calculate the greatest common divisor of h and 7.
7
Suppose 5*w - o + 750 = 3*w, 5*w = 2*o - 1876. Let c be 6/15 - w/10. Let r be 1 - -18 - (0 - 0). What is the highest common divisor of c and r?
19
Let z be 24/10*((-200)/(-15))/2. Calculate the highest common factor of 40 and z.
8
Let t be (-44)/(-4)*(-4 - -14). Calculate the highest common divisor of 10 and t.
10
Let l be 1*37 + 6/3. Suppose -5*i + l = -2*i. Let n be ((-11)/(-2))/((-3)/(-78)). What is the highest common factor of n and i?
13
Suppose 0 = 14*d - 10*d - 616. What is the greatest common divisor of d and 14?
14
Suppose -6 = -2*x + 4, 0 = 5*z + 5*x - 35. What is the greatest common factor of 14 and z?
2
Suppose 5*x - 127 = 23. Suppose 3*f = 2*f + x. Calculate the highest common divisor of 12 and f.
6
Let x = -113 - -203. What is the highest common divisor of x and 36?
18
Suppose 3*j + 4*g + 6 = 68, -g = 4*j - 100. What is the greatest common factor of j and 364?
26
Suppose 7 + 3 = -5*y, 2*y - 206 = -5*x. What is the highest common divisor of 42 and x?
42
Suppose 0 = 3*b - 11 - 1, 4*y = 4*b - 8. Calculate the highest common factor of 1 and y.
1
Suppose 0 = w + 3*l - 6*l, 0 = 2*l + 4. Let y be (-294)/(-9) + 4/w. Let v = -34 - -38. Calculate the greatest common factor of y and v.
4
Let m(b) = -14*b + 1. Let o be m(1). Let p = -3 + 1. Let s be (5 + -1)/(p/o). What is the highest common factor of 65 and s?
13
Let p = 141 - 135. Calculate the greatest common factor of 6 and p.
6
Suppose 6*g - g = 150. Let t = g - 18. Calculate the greatest common factor of 12 and t.
12
Suppose -16 = -2*f - 4*r, 2*f + r - 28 = -0. What is the greatest common factor of f and 80?
16
Let r = -252 - -378. Calculate the greatest common factor of r and 18.
18
Suppose -4*y + 425 = i, -i = 2*y + 4*i - 235. Calculate the highest common factor of y and 45.
15
Let g(f) = -3*f**3 - 4*f**2 - 4*f - 7. Let x be g(-3). What is the greatest common factor of x and 250?
50
Let l = -170 + 254. Suppose 0 = k - 3*p - 21, -3*k - 